{"id":24,"date":"2023-03-29T12:47:25","date_gmt":"2023-03-29T12:47:25","guid":{"rendered":"https:\/\/kivaku.eu\/uus\/?page_id=24"},"modified":"2023-08-02T20:46:45","modified_gmt":"2023-08-02T17:46:45","slug":"kontaktid","status":"publish","type":"page","link":"https:\/\/kivaku.eu\/uus\/kontaktid\/","title":{"rendered":"Kontaktid"},"content":{"rendered":"\t\t<div data-elementor-type=\"wp-page\" data-elementor-id=\"24\" class=\"elementor elementor-24\">\n\t\t\t\t\t\t<div class=\"elementor-inner\">\n\t\t\t\t<div class=\"elementor-section-wrap\">\n\t\t\t\t\t\t\t\t\t<section class=\"elementor-section elementor-top-section elementor-element elementor-element-255e00a elementor-section-content-top elementor-section-boxed elementor-section-height-default elementor-section-height-default\" data-id=\"255e00a\" data-element_type=\"section\">\n\t\t\t\t\t\t<div class=\"elementor-container elementor-column-gap-default\">\n\t\t\t\t\t\t\t<div class=\"elementor-row\">\n\t\t\t\t\t<div class=\"elementor-column elementor-col-50 elementor-top-column elementor-element elementor-element-3990ae3\" data-id=\"3990ae3\" data-element_type=\"column\" data-settings=\"{&quot;background_background&quot;:&quot;classic&quot;}\">\n\t\t\t<div class=\"elementor-column-wrap elementor-element-populated\">\n\t\t\t\t\t\t\t<div class=\"elementor-widget-wrap\">\n\t\t\t\t\t\t<div class=\"elementor-element elementor-element-9a69599 elementor-widget elementor-widget-heading\" data-id=\"9a69599\" data-element_type=\"widget\" data-widget_type=\"heading.default\">\n\t\t\t\t<div class=\"elementor-widget-container\">\n\t\t\t<h2 class=\"elementor-heading-title elementor-size-default\">Kivaku O\u00dc<\/h2>\t\t<\/div>\n\t\t\t\t<\/div>\n\t\t\t\t<div class=\"elementor-element elementor-element-5462936 elementor-widget elementor-widget-heading\" data-id=\"5462936\" data-element_type=\"widget\" data-widget_type=\"heading.default\">\n\t\t\t\t<div class=\"elementor-widget-container\">\n\t\t\t<h2 class=\"elementor-heading-title elementor-size-default\">Aadress: Turu tn 34b, Tartu linn, Tartu linn, Tartu maakond, 51004b<br>\nTel: <u><b>+372 5655 317<\/b><\/u><br>\nE-post:<b> <u>marko@kivaku.eu<\/u><\/b><br>\nRegistrikood: 12597842<br>\nKMKR: EE101801810\t\n<\/h2>\t\t<\/div>\n\t\t\t\t<\/div>\n\t\t\t\t<div class=\"elementor-element elementor-element-8ace04a elementor-widget elementor-widget-heading\" data-id=\"8ace04a\" data-element_type=\"widget\" data-widget_type=\"heading.default\">\n\t\t\t\t<div class=\"elementor-widget-container\">\n\t\t\t<h2 class=\"elementor-heading-title elementor-size-default\"><a href=\"https:\/\/www.facebook.com\/profile.php?id=100066797615727\">Kivaku O\u00dc Facebookis<\/a><\/h2>\t\t<\/div>\n\t\t\t\t<\/div>\n\t\t\t\t<div class=\"elementor-element elementor-element-96d506e elementor-widget elementor-widget-heading\" data-id=\"96d506e\" data-element_type=\"widget\" data-widget_type=\"heading.default\">\n\t\t\t\t<div class=\"elementor-widget-container\">\n\t\t\t<h2 class=\"elementor-heading-title elementor-size-default\"><a href=\"https:\/\/www.inforegister.ee\/12597842-KIVAKU-OU\">Vaata andmeid krediidiinfost<\/a><\/h2>\t\t<\/div>\n\t\t\t\t<\/div>\n\t\t\t\t<div class=\"elementor-element elementor-element-f44fe7d elementor-widget elementor-widget-google_maps\" data-id=\"f44fe7d\" data-element_type=\"widget\" data-widget_type=\"google_maps.default\">\n\t\t\t\t<div class=\"elementor-widget-container\">\n\t\t\t\t\t<div class=\"elementor-custom-embed\">\n\t\t\t<iframe loading=\"lazy\"\n\t\t\t\t\tsrc=\"https:\/\/maps.google.com\/maps?q=-Turu%20tn%2034b%2C%20Tartu%20linn%2C%20Tartu%20linn%2C%20Tartu%20maakond%2C%2051004b&#038;t=m&#038;z=10&#038;output=embed&#038;iwloc=near\"\n\t\t\t\t\ttitle=\"-Turu tn 34b, Tartu linn, Tartu linn, Tartu maakond, 51004b\"\n\t\t\t\t\taria-label=\"-Turu tn 34b, Tartu linn, Tartu linn, Tartu maakond, 51004b\"\n\t\t\t><\/iframe>\n\t\t<\/div>\n\t\t\t\t<\/div>\n\t\t\t\t<\/div>\n\t\t\t\t\t\t<\/div>\n\t\t\t\t\t<\/div>\n\t\t<\/div>\n\t\t\t\t<div class=\"elementor-column elementor-col-50 elementor-top-column elementor-element elementor-element-6e2a5d4\" data-id=\"6e2a5d4\" data-element_type=\"column\">\n\t\t\t<div class=\"elementor-column-wrap elementor-element-populated\">\n\t\t\t\t\t\t\t<div class=\"elementor-widget-wrap\">\n\t\t\t\t\t\t<section class=\"elementor-section elementor-inner-section elementor-element elementor-element-2600709 elementor-section-boxed elementor-section-height-default elementor-section-height-default\" data-id=\"2600709\" data-element_type=\"section\">\n\t\t\t\t\t\t<div class=\"elementor-container elementor-column-gap-default\">\n\t\t\t\t\t\t\t<div class=\"elementor-row\">\n\t\t\t\t\t<div class=\"elementor-column elementor-col-50 elementor-inner-column elementor-element elementor-element-d46bca9\" data-id=\"d46bca9\" data-element_type=\"column\" data-settings=\"{&quot;background_background&quot;:&quot;classic&quot;}\">\n\t\t\t<div class=\"elementor-column-wrap elementor-element-populated\">\n\t\t\t\t\t\t\t<div class=\"elementor-widget-wrap\">\n\t\t\t\t\t\t<div class=\"elementor-element elementor-element-5101d8e elementor-widget elementor-widget-heading\" data-id=\"5101d8e\" data-element_type=\"widget\" data-widget_type=\"heading.default\">\n\t\t\t\t<div class=\"elementor-widget-container\">\n\t\t\t<h2 class=\"elementor-heading-title elementor-size-default\">T\u00f5nu Lippo<\/h2>\t\t<\/div>\n\t\t\t\t<\/div>\n\t\t\t\t<div class=\"elementor-element elementor-element-11556f2 elementor-widget elementor-widget-heading\" data-id=\"11556f2\" data-element_type=\"widget\" data-widget_type=\"heading.default\">\n\t\t\t\t<div class=\"elementor-widget-container\">\n\t\t\t<h2 class=\"elementor-heading-title elementor-size-default\">M\u00fc\u00fck ja info\/juh.liige<\/h2>\t\t<\/div>\n\t\t\t\t<\/div>\n\t\t\t\t<div class=\"elementor-element elementor-element-8eb8ac0 elementor-widget elementor-widget-heading\" data-id=\"8eb8ac0\" data-element_type=\"widget\" data-widget_type=\"heading.default\">\n\t\t\t\t<div class=\"elementor-widget-container\">\n\t\t\t<h2 class=\"elementor-heading-title elementor-size-default\"><a href=\"tel:+372%20507%201841\">Tel: <u>+372 507 1841<\/u><\/a><\/h2>\t\t<\/div>\n\t\t\t\t<\/div>\n\t\t\t\t<div class=\"elementor-element elementor-element-3315fbb elementor-widget elementor-widget-heading\" data-id=\"3315fbb\" data-element_type=\"widget\" data-widget_type=\"heading.default\">\n\t\t\t\t<div class=\"elementor-widget-container\">\n\t\t\t<h2 class=\"elementor-heading-title elementor-size-default\"><a href=\"mailto:tonu@kivaku.eu\">E-post: <u>tonu@kivaku.eu<\/u><\/a><\/h2>\t\t<\/div>\n\t\t\t\t<\/div>\n\t\t\t\t\t\t<\/div>\n\t\t\t\t\t<\/div>\n\t\t<\/div>\n\t\t\t\t<div class=\"elementor-column elementor-col-50 elementor-inner-column elementor-element elementor-element-f329d4b\" data-id=\"f329d4b\" data-element_type=\"column\" data-settings=\"{&quot;background_background&quot;:&quot;classic&quot;}\">\n\t\t\t<div class=\"elementor-column-wrap elementor-element-populated\">\n\t\t\t\t\t\t\t<div class=\"elementor-widget-wrap\">\n\t\t\t\t\t\t<div class=\"elementor-element elementor-element-ac897c0 elementor-widget elementor-widget-heading\" data-id=\"ac897c0\" data-element_type=\"widget\" data-widget_type=\"heading.default\">\n\t\t\t\t<div class=\"elementor-widget-container\">\n\t\t\t<h2 class=\"elementor-heading-title elementor-size-default\">Janek Taim<\/h2>\t\t<\/div>\n\t\t\t\t<\/div>\n\t\t\t\t<div class=\"elementor-element elementor-element-31236cd elementor-widget elementor-widget-heading\" data-id=\"31236cd\" data-element_type=\"widget\" data-widget_type=\"heading.default\">\n\t\t\t\t<div class=\"elementor-widget-container\">\n\t\t\t<h2 class=\"elementor-heading-title elementor-size-default\">Projektijuht\/t\u00f6\u00f6dejuhataja<\/h2>\t\t<\/div>\n\t\t\t\t<\/div>\n\t\t\t\t<div class=\"elementor-element elementor-element-8ee1342 elementor-widget elementor-widget-heading\" data-id=\"8ee1342\" data-element_type=\"widget\" data-widget_type=\"heading.default\">\n\t\t\t\t<div class=\"elementor-widget-container\">\n\t\t\t<h2 class=\"elementor-heading-title elementor-size-default\"><a href=\"tel:%20+372%205783%201939\">Tel: <u>+372 5783 1939<\/u><\/a><\/h2>\t\t<\/div>\n\t\t\t\t<\/div>\n\t\t\t\t<div class=\"elementor-element elementor-element-9902ae4 elementor-widget elementor-widget-heading\" data-id=\"9902ae4\" data-element_type=\"widget\" data-widget_type=\"heading.default\">\n\t\t\t\t<div class=\"elementor-widget-container\">\n\t\t\t<h2 class=\"elementor-heading-title elementor-size-default\"><a href=\"mailto:janek@kivaku.eu\">E-post: <u>janek@kivaku.eu<\/u><\/a><\/h2>\t\t<\/div>\n\t\t\t\t<\/div>\n\t\t\t\t\t\t<\/div>\n\t\t\t\t\t<\/div>\n\t\t<\/div>\n\t\t\t\t\t\t\t\t<\/div>\n\t\t\t\t\t<\/div>\n\t\t<\/section>\n\t\t\t\t<div class=\"elementor-element elementor-element-dfab5b8 elementor-widget elementor-widget-template\" data-id=\"dfab5b8\" data-element_type=\"widget\" data-widget_type=\"template.default\">\n\t\t\t\t<div class=\"elementor-widget-container\">\n\t\t\t\t\t<div class=\"elementor-template\">\n\t\t\t\t\t<div data-elementor-type=\"section\" data-elementor-id=\"3567\" class=\"elementor elementor-3567\">\n\t\t\t\t\t<div class=\"elementor-section-wrap\">\n\t\t\t\t\t\t\t\t<section class=\"elementor-section elementor-inner-section elementor-element elementor-element-2fb8ff07 elementor-section-boxed elementor-section-height-default elementor-section-height-default\" data-id=\"2fb8ff07\" data-element_type=\"section\" data-settings=\"{&quot;background_background&quot;:&quot;classic&quot;}\">\n\t\t\t\t\t\t\t<div class=\"elementor-background-overlay\"><\/div>\n\t\t\t\t\t\t\t<div class=\"elementor-container elementor-column-gap-default\">\n\t\t\t\t\t\t\t<div class=\"elementor-row\">\n\t\t\t\t\t<div class=\"elementor-column elementor-col-100 elementor-inner-column elementor-element elementor-element-271ca73c\" data-id=\"271ca73c\" data-element_type=\"column\" data-settings=\"{&quot;background_background&quot;:&quot;classic&quot;}\">\n\t\t\t<div class=\"elementor-column-wrap elementor-element-populated\">\n\t\t\t\t\t\t\t<div class=\"elementor-widget-wrap\">\n\t\t\t\t\t\t<div class=\"elementor-element elementor-element-37266317 elementor-widget elementor-widget-heading\" data-id=\"37266317\" data-element_type=\"widget\" data-widget_type=\"heading.default\">\n\t\t\t\t<div class=\"elementor-widget-container\">\n\t\t\t<h1 class=\"elementor-heading-title elementor-size-default\">24-7 Remont &amp; hooldus<\/h1>\t\t<\/div>\n\t\t\t\t<\/div>\n\t\t\t\t<div class=\"elementor-element elementor-element-4e30b82 elementor-widget elementor-widget-heading\" data-id=\"4e30b82\" data-element_type=\"widget\" data-widget_type=\"heading.default\">\n\t\t\t\t<div class=\"elementor-widget-container\">\n\t\t\t<h1 class=\"elementor-heading-title elementor-size-default\">Hooldame &amp; remondime <br>enda ja teiste paigaldatud <br>uksi ja automaatikat!<\/h1>\t\t<\/div>\n\t\t\t\t<\/div>\n\t\t\t\t<div class=\"elementor-element elementor-element-480e2764 elementor-widget elementor-widget-heading\" data-id=\"480e2764\" data-element_type=\"widget\" data-widget_type=\"heading.default\">\n\t\t\t\t<div class=\"elementor-widget-container\">\n\t\t\t<h1 class=\"elementor-heading-title elementor-size-default\"><a href=\"tel:+372%205783%201939\">+372 5783 1939<\/a><\/h1>\t\t<\/div>\n\t\t\t\t<\/div>\n\t\t\t\t<div class=\"elementor-element elementor-element-261b7e37 elementor-widget elementor-widget-heading\" data-id=\"261b7e37\" data-element_type=\"widget\" data-widget_type=\"heading.default\">\n\t\t\t\t<div class=\"elementor-widget-container\">\n\t\t\t<h1 class=\"elementor-heading-title elementor-size-default\"><a href=\"mailto:janek@kivaku.eu\">janek@kivaku.eu<\/a><\/h1>\t\t<\/div>\n\t\t\t\t<\/div>\n\t\t\t\t<div class=\"elementor-element elementor-element-5d39f83 elementor-widget elementor-widget-heading\" data-id=\"5d39f83\" data-element_type=\"widget\" data-widget_type=\"heading.default\">\n\t\t\t\t<div class=\"elementor-widget-container\">\n\t\t\t<h2 class=\"elementor-heading-title elementor-size-default\">V\u00e4ljas\u00f5idu tasu:<\/h2>\t\t<\/div>\n\t\t\t\t<\/div>\n\t\t\t\t<div class=\"elementor-element elementor-element-cbb309f elementor-widget elementor-widget-heading\" data-id=\"cbb309f\" data-element_type=\"widget\" data-widget_type=\"heading.default\">\n\t\t\t\t<div class=\"elementor-widget-container\">\n\t\t\t<h2 class=\"elementor-heading-title elementor-size-default\">1.20 + km - \u00dcks kilomeeter<\/h2>\t\t<\/div>\n\t\t\t\t<\/div>\n\t\t\t\t\t\t<\/div>\n\t\t\t\t\t<\/div>\n\t\t<\/div>\n\t\t\t\t\t\t\t\t<\/div>\n\t\t\t\t\t<\/div>\n\t\t<\/section>\n\t\t\t\t\t\t\t<\/div>\n\t\t\t\t<\/div>\n\t\t\t\t<\/div>\n\t\t\t\t<\/div>\n\t\t\t\t<\/div>\n\t\t\t\t\t\t<\/div>\n\t\t\t\t\t<\/div>\n\t\t<\/div>\n\t\t\t\t\t\t\t\t<\/div>\n\t\t\t\t\t<\/div>\n\t\t<\/section>\n\t\t\t\t<section class=\"elementor-section elementor-top-section elementor-element elementor-element-33389c8 elementor-section-boxed elementor-section-height-default elementor-section-height-default\" data-id=\"33389c8\" data-element_type=\"section\" data-settings=\"{&quot;background_background&quot;:&quot;classic&quot;}\">\n\t\t\t\t\t\t<div class=\"elementor-container elementor-column-gap-default\">\n\t\t\t\t\t\t\t<div class=\"elementor-row\">\n\t\t\t\t\t<div class=\"elementor-column elementor-col-100 elementor-top-column elementor-element elementor-element-9aef041\" data-id=\"9aef041\" data-element_type=\"column\">\n\t\t\t<div class=\"elementor-column-wrap elementor-element-populated\">\n\t\t\t\t\t\t\t<div class=\"elementor-widget-wrap\">\n\t\t\t\t\t\t<div class=\"elementor-element elementor-element-d3f169b elementor-widget elementor-widget-heading\" data-id=\"d3f169b\" data-element_type=\"widget\" data-widget_type=\"heading.default\">\n\t\t\t\t<div class=\"elementor-widget-container\">\n\t\t\t<h2 class=\"elementor-heading-title elementor-size-default\">Tuntud tegijad on oma uksed ja automaatika meie hoolde usaldanud<\/h2>\t\t<\/div>\n\t\t\t\t<\/div>\n\t\t\t\t<div class=\"elementor-element elementor-element-c6d22f1 elementor-widget elementor-widget-heading\" data-id=\"c6d22f1\" data-element_type=\"widget\" data-widget_type=\"heading.default\">\n\t\t\t\t<div class=\"elementor-widget-container\">\n\t\t\t<h2 class=\"elementor-heading-title elementor-size-default\">Oleme paigaldanud umbkaudu 1500 t\u00f6\u00f6stusust. T\u00e4na on\nmeie hooldada ligi 5000 ust \u00fcle kogu Eesti.<\/h2>\t\t<\/div>\n\t\t\t\t<\/div>\n\t\t\t\t<div class=\"elementor-element elementor-element-8fa3093 elementor-hidden-tablet elementor-hidden-mobile elementor-widget elementor-widget-jet-listing-grid\" data-id=\"8fa3093\" data-element_type=\"widget\" data-settings=\"{&quot;columns&quot;:&quot;4&quot;,&quot;columns_mobile&quot;:&quot;1&quot;}\" data-widget_type=\"jet-listing-grid.default\">\n\t\t\t\t<div class=\"elementor-widget-container\">\n\t\t\t<div class=\"jet-listing-grid jet-listing-grid--lazy-load jet-listing jet-listing-grid-loading\" data-lazy-load=\"{&quot;offset&quot;:&quot;0px&quot;,&quot;post_id&quot;:24,&quot;queried_id&quot;:&quot;24|WP_Post&quot;}\"><div class=\"jet-listing-grid__loader\"><div class=\"jet-listing-grid__loader-spinner\"><\/div><\/div><\/div>\t\t<\/div>\n\t\t\t\t<\/div>\n\t\t\t\t<div class=\"elementor-element elementor-element-242cacd elementor-hidden-desktop elementor-widget elementor-widget-jet-listing-grid\" data-id=\"242cacd\" data-element_type=\"widget\" data-settings=\"{&quot;columns&quot;:&quot;3&quot;,&quot;columns_mobile&quot;:&quot;1&quot;}\" data-widget_type=\"jet-listing-grid.default\">\n\t\t\t\t<div class=\"elementor-widget-container\">\n\t\t\t<div class=\"jet-listing-grid jet-listing-grid--lazy-load jet-listing jet-listing-grid-loading\" data-lazy-load=\"{&quot;offset&quot;:&quot;0px&quot;,&quot;post_id&quot;:24,&quot;queried_id&quot;:&quot;24|WP_Post&quot;}\"><div class=\"jet-listing-grid__loader\"><div class=\"jet-listing-grid__loader-spinner\"><\/div><\/div><\/div>\t\t<\/div>\n\t\t\t\t<\/div>\n\t\t\t\t<div class=\"elementor-element elementor-element-f385c6b elementor-widget elementor-widget-heading\" data-id=\"f385c6b\" data-element_type=\"widget\" data-widget_type=\"heading.default\">\n\t\t\t\t<div class=\"elementor-widget-container\">\n\t\t\t<h2 class=\"elementor-heading-title elementor-size-default\"><a href=\"https:\/\/kivaku.eu\/uus\/tehtud-tood\/\">Vaata tehtud t\u00f6id<\/a><\/h2>\t\t<\/div>\n\t\t\t\t<\/div>\n\t\t\t\t\t\t<\/div>\n\t\t\t\t\t<\/div>\n\t\t<\/div>\n\t\t\t\t\t\t\t\t<\/div>\n\t\t\t\t\t<\/div>\n\t\t<\/section>\n\t\t\t\t\t\t\t\t\t<\/div>\n\t\t\t<\/div>\n\t\t\t\t\t<\/div>\n\t\t","protected":false},"excerpt":{"rendered":"<p>Kivaku O\u00dc Aadress: Turu tn 34b, Tartu linn, Tartu linn, Tartu maakond, 51004b Tel: +372 5655 317 E-post: marko@kivaku.eu Registrikood: 12597842 KMKR: EE101801810 Kivaku O\u00dc Facebookis Vaata andmeid krediidiinfost T\u00f5nu Lippo M\u00fc\u00fck ja info\/juh.liige Tel: +372 507 1841 E-post: tonu@kivaku.eu Janek Taim Projektijuht\/t\u00f6\u00f6dejuhataja Tel: +372 5783 1939 E-post: janek@kivaku.eu Tuntud tegijad on oma uksed ja [&hellip;]<\/p>\n","protected":false},"author":2,"featured_media":0,"parent":0,"menu_order":0,"comment_status":"closed","ping_status":"closed","template":"elementor_header_footer","meta":{"_mi_skip_tracking":false,"_monsterinsights_sitenote_active":false,"_monsterinsights_sitenote_note":"","_monsterinsights_sitenote_category":0,"_jet_sm_ready_style":"","_jet_sm_style":"","_jet_sm_controls_values":"","_jet_sm_fonts_collection":"","_jet_sm_fonts_links":"","footnotes":""},"class_list":["post-24","page","type-page","status-publish","hentry"],"yoast_head":"<!-- This site is optimized with the Yoast SEO plugin v20.8 - https:\/\/yoast.com\/wordpress\/plugins\/seo\/ -->\n<title>Kontaktid - Kivaku O&Uuml;<\/title>\n<meta name=\"robots\" content=\"index, follow, max-snippet:-1, max-image-preview:large, max-video-preview:-1\" \/>\n<link rel=\"canonical\" href=\"https:\/\/kivaku.eu\/uus\/kontaktid\/\" \/>\n<meta property=\"og:locale\" content=\"en_US\" \/>\n<meta property=\"og:type\" content=\"article\" \/>\n<meta property=\"og:title\" content=\"Kontaktid - Kivaku O&Uuml;\" \/>\n<meta property=\"og:description\" content=\"Kivaku O\u00dc Aadress: Turu tn 34b, Tartu linn, Tartu linn, Tartu maakond, 51004b Tel: +372 5655 317 E-post: marko@kivaku.eu Registrikood: 12597842 KMKR: EE101801810 Kivaku O\u00dc Facebookis Vaata andmeid krediidiinfost T\u00f5nu Lippo M\u00fc\u00fck ja info\/juh.liige Tel: +372 507 1841 E-post: tonu@kivaku.eu Janek Taim Projektijuht\/t\u00f6\u00f6dejuhataja Tel: +372 5783 1939 E-post: janek@kivaku.eu Tuntud tegijad on oma uksed ja [&hellip;]\" \/>\n<meta property=\"og:url\" content=\"https:\/\/kivaku.eu\/uus\/kontaktid\/\" \/>\n<meta property=\"og:site_name\" content=\"Kivaku O&Uuml;\" \/>\n<meta property=\"article:modified_time\" content=\"2023-08-02T17:46:45+00:00\" \/>\n<meta name=\"twitter:card\" content=\"summary_large_image\" \/>\n<meta name=\"twitter:label1\" content=\"Est. reading time\" \/>\n\t<meta name=\"twitter:data1\" content=\"2 minutes\" \/>\n<script type=\"application\/ld+json\" class=\"yoast-schema-graph\">{\"@context\":\"https:\/\/schema.org\",\"@graph\":[{\"@type\":\"WebPage\",\"@id\":\"https:\/\/kivaku.eu\/uus\/kontaktid\/\",\"url\":\"https:\/\/kivaku.eu\/uus\/kontaktid\/\",\"name\":\"Kontaktid - Kivaku O&Uuml;\",\"isPartOf\":{\"@id\":\"https:\/\/kivaku.eu\/uus\/#website\"},\"datePublished\":\"2023-03-29T12:47:25+00:00\",\"dateModified\":\"2023-08-02T17:46:45+00:00\",\"breadcrumb\":{\"@id\":\"https:\/\/kivaku.eu\/uus\/kontaktid\/#breadcrumb\"},\"inLanguage\":\"en\",\"potentialAction\":[{\"@type\":\"ReadAction\",\"target\":[\"https:\/\/kivaku.eu\/uus\/kontaktid\/\"]}]},{\"@type\":\"BreadcrumbList\",\"@id\":\"https:\/\/kivaku.eu\/uus\/kontaktid\/#breadcrumb\",\"itemListElement\":[{\"@type\":\"ListItem\",\"position\":1,\"name\":\"Home\",\"item\":\"https:\/\/kivaku.eu\/uus\/\"},{\"@type\":\"ListItem\",\"position\":2,\"name\":\"Kontaktid\"}]},{\"@type\":\"WebSite\",\"@id\":\"https:\/\/kivaku.eu\/uus\/#website\",\"url\":\"https:\/\/kivaku.eu\/uus\/\",\"name\":\"Kivaku O&Uuml;\",\"description\":\"T&ouml;&ouml;stuslikud ja kodused l&auml;bip&auml;&auml;sus&uuml;steemid\",\"potentialAction\":[{\"@type\":\"SearchAction\",\"target\":{\"@type\":\"EntryPoint\",\"urlTemplate\":\"https:\/\/kivaku.eu\/uus\/?s={search_term_string}\"},\"query-input\":\"required name=search_term_string\"}],\"inLanguage\":\"en\"}]}<\/script>\n<!-- \/ Yoast SEO plugin. -->","yoast_head_json":{"title":"Kontaktid - Kivaku O&Uuml;","robots":{"index":"index","follow":"follow","max-snippet":"max-snippet:-1","max-image-preview":"max-image-preview:large","max-video-preview":"max-video-preview:-1"},"canonical":"https:\/\/kivaku.eu\/uus\/kontaktid\/","og_locale":"en_US","og_type":"article","og_title":"Kontaktid - Kivaku O&Uuml;","og_description":"Kivaku O\u00dc Aadress: Turu tn 34b, Tartu linn, Tartu linn, Tartu maakond, 51004b Tel: +372 5655 317 E-post: marko@kivaku.eu Registrikood: 12597842 KMKR: EE101801810 Kivaku O\u00dc Facebookis Vaata andmeid krediidiinfost T\u00f5nu Lippo M\u00fc\u00fck ja info\/juh.liige Tel: +372 507 1841 E-post: tonu@kivaku.eu Janek Taim Projektijuht\/t\u00f6\u00f6dejuhataja Tel: +372 5783 1939 E-post: janek@kivaku.eu Tuntud tegijad on oma uksed ja [&hellip;]","og_url":"https:\/\/kivaku.eu\/uus\/kontaktid\/","og_site_name":"Kivaku O&Uuml;","article_modified_time":"2023-08-02T17:46:45+00:00","twitter_card":"summary_large_image","twitter_misc":{"Est. reading time":"2 minutes"},"schema":{"@context":"https:\/\/schema.org","@graph":[{"@type":"WebPage","@id":"https:\/\/kivaku.eu\/uus\/kontaktid\/","url":"https:\/\/kivaku.eu\/uus\/kontaktid\/","name":"Kontaktid - Kivaku O&Uuml;","isPartOf":{"@id":"https:\/\/kivaku.eu\/uus\/#website"},"datePublished":"2023-03-29T12:47:25+00:00","dateModified":"2023-08-02T17:46:45+00:00","breadcrumb":{"@id":"https:\/\/kivaku.eu\/uus\/kontaktid\/#breadcrumb"},"inLanguage":"en","potentialAction":[{"@type":"ReadAction","target":["https:\/\/kivaku.eu\/uus\/kontaktid\/"]}]},{"@type":"BreadcrumbList","@id":"https:\/\/kivaku.eu\/uus\/kontaktid\/#breadcrumb","itemListElement":[{"@type":"ListItem","position":1,"name":"Home","item":"https:\/\/kivaku.eu\/uus\/"},{"@type":"ListItem","position":2,"name":"Kontaktid"}]},{"@type":"WebSite","@id":"https:\/\/kivaku.eu\/uus\/#website","url":"https:\/\/kivaku.eu\/uus\/","name":"Kivaku O&Uuml;","description":"T&ouml;&ouml;stuslikud ja kodused l&auml;bip&auml;&auml;sus&uuml;steemid","potentialAction":[{"@type":"SearchAction","target":{"@type":"EntryPoint","urlTemplate":"https:\/\/kivaku.eu\/uus\/?s={search_term_string}"},"query-input":"required name=search_term_string"}],"inLanguage":"en"}]}},"_links":{"self":[{"href":"https:\/\/kivaku.eu\/uus\/wp-json\/wp\/v2\/pages\/24","targetHints":{"allow":["GET"]}}],"collection":[{"href":"https:\/\/kivaku.eu\/uus\/wp-json\/wp\/v2\/pages"}],"about":[{"href":"https:\/\/kivaku.eu\/uus\/wp-json\/wp\/v2\/types\/page"}],"author":[{"embeddable":true,"href":"https:\/\/kivaku.eu\/uus\/wp-json\/wp\/v2\/users\/2"}],"replies":[{"embeddable":true,"href":"https:\/\/kivaku.eu\/uus\/wp-json\/wp\/v2\/comments?post=24"}],"version-history":[{"count":346,"href":"https:\/\/kivaku.eu\/uus\/wp-json\/wp\/v2\/pages\/24\/revisions"}],"predecessor-version":[{"id":4580,"href":"https:\/\/kivaku.eu\/uus\/wp-json\/wp\/v2\/pages\/24\/revisions\/4580"}],"wp:attachment":[{"href":"https:\/\/kivaku.eu\/uus\/wp-json\/wp\/v2\/media?parent=24"}],"curies":[{"name":"wp","href":"https:\/\/api.w.org\/{rel}","templated":true}]}}